mon factor of 234 and 27.
9
Calculate the greatest common factor of 328 and 410.
82
Calculate the greatest common divisor of 209 and 19.
19
What is the highest common divisor of 144 and 54?
18
What is the highest common divisor of 33 and 3729?
33
Calculate the highest common factor of 4 and 20.
4
Calculate the highest common divisor of 99 and 627.
33
What is the greatest common divisor of 10538 and 132?
22
Calculate the greatest common divisor of 644 and 448.
28
What is the greatest common divisor of 1301 and 3?
1
Calculate the greatest common factor of 190 and 114.
38
Calculate the highest common divisor of 3 and 8.
1
What is the greatest common divisor of 68 and 748?
68
What is the highest common factor of 230 and 5520?
230
What is the highest common factor of 6895 and 70?
35
What is the highest common divisor of 50516 and 584?
292
What is the greatest common divisor of 80 and 10680?
40
Calculate the highest common factor of 38 and 285.
19
Calculate the greatest common divisor of 2071 and 95.
19
Calculate the highest common factor of 8 and 4040.
8
Calculate the greatest common factor of 72 and 96.
24
Calculate the highest common divisor of 3560 and 5.
5
What is the highest common factor of 1295 and 1480?
185
What is the highest common divisor of 54 and 306?
18
Calculate the highest common factor of 114 and 76.
38
What is the greatest common factor of 12 and 102?
6
Calculate the highest common divisor of 76 and 114.
38
What is the highest common factor of 51 and 323?
17
What is the highest common divisor of 1339 and 206?
103
Calculate the greatest common divisor of 1817 and 23.
23
What is the highest common divisor of 160 and 70?
10
What is the highest common divisor of 806 and 156?
26
What is the highest common factor of 513 and 1566?
27
What is the greatest common factor of 1102 and 608?
38
What is the greatest common divisor of 119 and 34?
17
Calculate the highest common factor of 12 and 3300.
12
What is the greatest common divisor of 18 and 34?
2
Calculate the greatest common factor of 1040 and 320.
80
What is the greatest common factor of 615 and 15?
15
Calculate the greatest common factor of 28 and 1764.
28
Calculate the greatest common factor of 54 and 513.
27
What is the highest common divisor of 152 and 1786?
38
Calculate the greatest common factor of 170 and 4.
2
Calculate the greatest common divisor of 66 and 48.
6
What is the highest common factor of 12 and 44?
4
Calculate the highest common divisor of 231 and 63.
21
Calculate the highest common divisor of 30 and 14.
2
What is the highest common factor of 460 and 220?
20
Calculate the greatest common factor of 30 and 930.
30
Calculate the highest common divisor of 784 and 637.
49
What is the greatest common divisor of 296 and 28?
4
What is the greatest common factor of 793 and 13?
13
What is the highest common divisor of 902 and 11?
11
What is the highest common divisor of 22 and 88?
22
Calculate the highest common factor of 11142 and 9.
9
Calculate the highest common divisor of 23248 and 48.
16
What is the highest common divisor of 14 and 2282?
14
Calculate the highest common divisor of 989 and 43.
43
Calculate the greatest common divisor of 8932 and 348.
116
What is the highest common factor of 1242 and 1104?
138
Calculate the greatest common divisor of 5728 and 32.
32
What is the greatest common divisor of 42 and 70?
14
What is the highest common factor of 24 and 472?
8
Calculate the greatest common factor of 16 and 33.
1
Calculate the greatest common divisor of 123 and 41.
41
Calculate the greatest common divisor of 5 and 1535.
5
What is the greatest common divisor of 23 and 12?
1
What is the greatest common factor of 11 and 451?
11
What is the greatest common divisor of 8 and 348?
4
Calculate the greatest common factor of 585 and 793.
13
What is the greatest common divisor of 400 and 8200?
200
Calculate the highest common factor of 2340 and 150.
30
Calculate the highest common divisor of 134 and 3551.
67
Calculate the greatest common factor of 20 and 16.
4
What is the greatest common divisor of 65 and 64545?
65
Calculate the greatest common divisor of 142 and 639.
71
What is the greatest common factor of 304 and 19?
19
What is the greatest common factor of 12814 and 596?
298
Calculate the highest common factor of 511 and 73.
73
Calculate the highest common divisor of 2405 and 10.
5
Calculate the highest common divisor of 8 and 2228.
4
What is the greatest common divisor of 72 and 42384?
24
Calculate the greatest common divisor of 31 and 124.
31
Calculate the greatest common divisor of 11 and 3278.
11
Calculate the highest common factor of 54 and 12.
6
Calculate the greatest common factor of 188 and 4.
4
What is the greatest common factor of 11 and 649?
11
What is the highest common divisor of 1 and 289?
1
What is the highest common factor of 532 and 42?
14
What is the greatest common divisor of 4672 and 5402?
146
What is the greatest common factor of 923 and 284?
71
Calculate the greatest common factor of 759 and 115.
23
What is the greatest common factor of 1086 and 54?
6
Calculate the greatest common divisor of 117 and 3861.
117
What is the greatest common factor of 81 and 297?
27
Calculate the highest common divisor of 21 and 9.
3
What is the greatest common factor of 236 and 32804?
236
Calculate the highest common factor of 1272 and 3657.
159
What is the highest common factor of 4965 and 6289?
331
Calculate the greatest common divisor of 130 and 325.
65
What is the highest common divisor of 176 and 4873?
11
What is the highest common factor of 5343 and 156?
39
What is the highest common divisor of 33 and 3817?
11
What is the highest common divisor of 8892 and 266?
38
What is the greatest common divisor of 128 and 164?
4
What is the greatest common factor of 53 and 10229?
53
What is the greatest common divisor of 2960 and 74?
74
What is the greatest common divisor of 87 and 3?
3
Calculate the highest common factor of 1768 and 312.
104
Calculate the highest common factor of 104 and 390.
26
Calculate the greatest common factor of 182 and 26.
26
Calculate the highest common divisor of 2 and 74.
2
Calculate the greatest common factor of 20 and 540.
20
What is the greatest common divisor of 20 and 1750?
10
What is the greatest common factor of 4624 and 680?
136
What is the greatest common factor of 1140 and 1425?
285
Calculate the highest common divisor of 2688 and 18.
6
Calculate the highest common divisor of 68 and 4.
4
What is the greatest common divisor of 3430 and 770?
70
What is the greatest common factor of 32355 and 45?
45
What is the greatest common factor of 8755 and 85?
85
What is the highest common divisor of 930 and 105?
15
What is the highest common divisor of 1105 and 585?
65
What is the highest common divisor of 25240 and 40?
40
What is the highest common factor of 3427 and 298?
149
Calculate the greatest common divisor of 189 and 270.
27
What is the greatest common divisor of 500 and 40?
20
Calculate the highest common divisor of 9 and 69.
3
Calculate the greatest common divisor of 97 and 4.
1
What is the greatest common divisor of 3621 and 51?
51
What is the highest common factor of 10 and 1730?
10
Calculate the highest common divisor of 775 and 124.
31
What is the greatest common divisor of 73 and 1?
1
Calculate the greatest common factor of 390 and 150.
30
Calculate the highest common factor of 47 and 1363.
47
Calculate the highest common divisor of 45624 and 8.
8
What is the highest common factor of 390 and 546?
78
What is the highest common divisor of 2660 and 266?
266
What is the greatest common divisor of 308 and 352?
44
Calculate the greatest common divisor of 19 and 57.
19
Calculate the greatest common factor of 13 and 208.
13
What is the greatest common factor of 129 and 3?
3
What is the greatest common factor of 50 and 420?
10
What is the greatest common factor of 5130 and 20?
10
What is the greatest common divisor of 5628 and 252?
84
What is the greatest common divisor of 81 and 153?
9
What is the highest common factor of 14 and 14630?
14
Calculate the highest common divisor of 252 and 630.
126
Calculate the greatest common divisor of 387 and 430.
43
Calculate the highest common divisor of 26 and 507.
13
Calculate the highest common factor of 7